- 3*m + 37. What is the remainder when c is divided by j?
7
Let c = -34 - -52. What is the remainder when 65/(-39)*c/(-2) is divided by 6?
3
Suppose -20 = 2*p - 6*p. Suppose p*a = -u + 155, -3*a - u = a - 124. Calculate the remainder when a is divided by 16.
15
Let u(r) = r - 17. What is the remainder when 9 is divided by u(20)?
0
Suppose 5*x = 2*x + 6. Suppose p + 8 = 4*s, 2*s + 6*p + 6 = 4*p. Suppose -4*z = -5*u - s, -4*u + 4*z = z. What is the remainder when u is divided by x?
1
Calculate the remainder when 19 is divided by 2*(-1)/1*-4.
3
Let y(h) = -h**2 + 6. Let p be y(0). Let z be 2*3/12*p. Suppose 144 = z*t + 54. What is the remainder when t is divided by 16?
14
Let z = 256 + -149. Calculate the remainder when z is divided by 18.
17
Let w(u) = -u**3 - 2*u**2 + 6*u + 3. Suppose -2*d = 4*t - 36, 5*t + 85 = -0*d + 4*d. What is the remainder when d is divided by w(-4)?
9
Suppose -4*o + 4*q = -28, -o = 2*o + 4*q. What is the remainder when 18 is divided by o?
2
Let i be 2 + 1 + 6/(-2). Suppose 3*u - 2*n = -0*n + 51, i = -n - 3. What is the remainder when 28 is divided by u?
13
Let a = 37 - 32. Calculate the remainder when 12 is divided by a.
2
Calculate the remainder when (2 - -18) + ((-6)/(-1))/6 is divided by (16/12)/((-1)/(-9)).
9
What is the remainder when (-16)/20*(-175)/10 is divided by 4?
2
Let p = 28 - 16. Calculate the remainder when 22 is divided by p.
10
Let r = -54 + 32. Let c(f) = f**3 - 7*f**2 + 8*f - 8. What is the remainder when -4*(-1)/(-8)*r is divided by c(6)?
3
Let d(c) = 2*c**2 + c - 4. Let s = -4 + 15. What is the remainder when d(4) is divided by s?
10
Let h = 66 + -42. Calculate the remainder when 91 is divided by h.
19
Let q(n) = n**3 - n**2 + 3. What is the remainder when q(0) is divided by 2?
1
Suppose -77 - 143 = -5*h. Suppose 41 = 5*a - h. Calculate the remainder when 33 is divided by a.
16
Let t(c) = 12*c - 10. Let n(x) = -x**2 + 7*x - 5. What is the remainder when t(2) is divided by n(5)?
4
Suppose c + 27 = 2*n - 4*c, -3*c = -5*n + 39. Let y = 7 + n. What is the remainder when y is divided by 8?
5
Let v be 1*-2*41/(-2). Suppose 5*q = v - 1. Calculate the remainder when q is divided by ((-6)/8)/(1/(-4)).
2
Calculate the remainder when 29 is divided by (6 - -4)/(2/3).
14
Let t(q) = -q**2 + 3*q**2 + 3*q - 2*q - q**2 - 53*q**3. Let x(s) = -s**3 - 6*s**2 + 4*s - 3. Calculate the remainder when t(-1) is divided by x(-7).
17
Let g be (-4)/(-22) + (-202)/22. What is the remainder when 300/g*3/(-2) is divided by 17?
16
Let x(k) = 2*k**2 - 5. What is the remainder when x(5) is divided by 16?
13
Let q(t) = -3*t - 7. What is the remainder when (-152)/(-6) - 4/(-6) is divided by q(-7)?
12
Let p(u) = 8*u - 8. Calculate the remainder when 71 is divided by p(4).
23
Suppose 2*n - 5*u - 3 = 0, -6*u - 21 = -3*n - 4*u. Suppose -20*x + 12*x + 200 = 0. Calculate the remainder when x is divided by n.
7
Let x(w) be the third derivative of w**6/120 + w**5/10 - w**3/3 + 4*w**2. Let h be x(-6). What is the remainder when (-75)/h + 2/4 is divided by 10?
8
Let g(d) = 31*d + 2. Let s be g(-4). Calculate the remainder when 24 is divided by 12/42 + s/(-14).
6
Suppose w - 6*w = -245. Let o be -1*(-3 + 1 - -1). What is the remainder when w is divided by o + 19 - (1 + 2)?
15
Let o(q) = -q**2 - 3*q + 1. Let z be o(-4). Let u(m) = -m + 1. What is the remainder when 11 is divided by u(z)?
3
Let h = 52 + -32. Suppose 3*b - 121 = -2*b + 4*w, -h = 5*w. What is the remainder when b is divided by 6?
3
Let z = 31 - 21. Suppose p = -3*a + 17, -2*p + 8 = 3*a - 8. What is the remainder when z is divided by a?
4
Suppose -4*i + 5 = -31. Suppose 4*o = 8, 5*s + 0*o = -2*o + 89. Calculate the remainder when s is divided by i.
8
Let q(v) = -v**3 + 8*v + 4*v**2 - 7*v**2 - 3*v**2 + 14. What is the remainder when q(-8) is divided by 20?
18
Let r = 11 - 8. What is the remainder when 10 is divided by r?
1
Let c = -103 - -42. Let x(f) = 10*f - 2. Let z be x(-4). Let k = z - c. Calculate the remainder when 36 is divided by k.
17
Suppose -3*r = -m - 9, -2*m = -0*m - 3*r + 24. What is the remainder when (470/m)/((-2)/3) is divided by 16?
15
Let d be (-12)/(-54) - (-4)/(-18). Suppose d*c - c + 17 = -2*i, -5 = 5*i. What is the remainder when (4 - 1)*44/3 is divided by c?
14
Let b(s) = s + 2. Let m be b(-2). Suppose -5*c + 0*q + 95 = 5*q, m = 4*q + 4. What is the remainder when 38 is divided by c?
18
Suppose -3*b - 4 = -5*u, -u - u + b + 2 = 0. Let x = 38 + -22. Calculate the remainder when x is divided by ((-16)/20)/(u/(-15)).
4
Suppose 10 = -4*k + 130. Suppose 4*z - k - 62 = 0. Suppose -176 + z = -3*u. Calculate the remainder when u is divided by 18.
15
Let z(p) = 3*p. Let v be z(3). Let r = 1 + v. Calculate the remainder when (7 + 1)/(4/14) is divided by r.
8
Let i(g) = -3*g**3 + g**2 - 2*g - 2. What is the remainder when i(-2) is divided by 11?
8
Let k(h) be the third derivative of h**4/6 - 5*h**3/6 + 3*h**2. Calculate the remainder when k(6) is divided by 7.
5
Let x(q) = -q**3 + 7*q**2 - 2*q + 3. Let u(v) = -v**2 + v + 1. Let s(d) = -3*u(d) - x(d). Let f = 3 - -2. What is the remainder when 41 is divided by s(f)?
13
Suppose 0 = -3*h + 43 + 74. Calculate the remainder when h is divided by 20.
19
Let c be -2 + (-15)/(-3) + -1. What is the remainder when 3 is divided by c/(-5) - 12/(-5)?
1
Suppose -k = -u - 5 - 30, 2*k = -4. Let h = 69 + u. What is the remainder when h is divided by 7?
4
Suppose 4*w = -s + 76, -4*s = -2*w - 5*s + 36. Suppose w = 5*y - 30. Calculate the remainder when y is divided by 12/4 + 1 + 0.
2
Let m = 130 + -108. Calculate the remainder when 64 is divided by m.
20
Suppose 3*n - 6*n + 102 = 0. What is the remainder when n is divided by 9?
7
Suppose 3*a = -0 + 63. What is the remainder when a is divided by 16?
5
Calculate the remainder when 67 is divided by (-24 - -20) + 21/1.
16
Let o be 1/(4/(24/3)). Suppose -t = 5*r - 8, o*r - 192 = -5*t - 37. Calculate the remainder when t is divided by 12.
9
Suppose 5*h + 8 = 4*x - 42, 5*x + 2*h = 46. Suppose -g + o = 0, -o - 6 = 2*g + 3*o. Let i = x + g. What is the remainder when 25 is divided by i?
7
Let g be 12/(-20) + (-2)/5. What is the remainder when 43 is divided by g*3*(4 - 9)?
13
Suppose 0*d + 4*d - 72 = 0. Calculate the remainder when 70 is divided by d.
16
Suppose r + 93 = 4*r. Suppose 13 + r = 4*a - 5*d, -4*d = a - 11. Calculate the remainder when a is divided by 4.
3
Let t = 56 - 3. Suppose -5*l + t = p - 21, -l + 5*p = -20. Calculate the remainder when l is divided by 6.
3
Suppose -1 + 2 = -d. Calculate the remainder when -2 + 15 - (d + -1) is divided by 4.
3
Let k = -16 + 23. Let t = k - 0. Suppose 4*x = -5*m + 53, 2*x - t = -m - 0*x. Calculate the remainder when m is divided by 5.
3
Let o = 0 + 2. Suppose -52 + 9 = -2*g + 5*r, r = -2*g + 49. Suppose -6*j + g = -o*j. What is the remainder when 15 is divided by j?
3
Let c = -5 - -1. Suppose -552 = -27*r + 555. Calculate the remainder when r is divided by 33/(-2)*c/6.
8
Let s = -10 - -8. What is the remainder when (-3 - (-28)/2) + s is divided by 5?
4
Let d be 2/(-4) + (-9)/(-2). Suppose 0 = 3*u - d*w - 21, 2*u + 2*w - w - 14 = 0. Calculate the remainder when 26 is divided by u.
5
Suppose 49 = -0*o + o. Suppose 890*j = 885*j + 50. Calculate the remainder when o is divided by j.
9
Let i(g) = -g**2 - 15*g. Let c(n) = n**3 + 8*n**2 + 2*n + 5. Let f be c(-8). Calculate the remainder when i(f) is divided by 15.
14
Suppose -4*x - r = -326, 4*x - 4*r + 101 = 437. Suppose -4*y + 5*s + 94 = 0, -2*y + y - 2*s + 17 = 0. Calculate the remainder when x is divided by y.
19
Let m(y) = -y**2 + 8*y - 7. Let n be m(7). Let s(q) = -q**2 + q + 56. Let v be s(n). Suppose v = 2*w + 2*w. Calculate the remainder when 40 is divided by w.
12
Suppose -2*k + 5*g = -3, 3*g - g = 2. What is the remainder when 86/12 + (-6)/36 is divided by k?
3
Calculate the remainder when (-7)/2*(-16 - 0) is divided by 29.
27
Suppose -4*a - 4*b + 178 = -210, -3*b = -3*a + 285. Calculate the remainder when a is divided by 25.
21
Let q = 56 - 35. What is the remainder when 81 is divided by q?
18
Suppose -6*x = -x - 185. What is the remainder when x is divided by 20?
17
Suppose -3*b + 5*b - 130 = 0. What is the remainder when b is divided by 17?
14
Let o(x) = -x + 17. Let d be o(9). Let w be d/(